actor of 55 and 19085?
55
Calculate the highest common divisor of 2110 and 8.
2
What is the greatest common divisor of 3425 and 1096?
137
Calculate the greatest common factor of 15494 and 16.
2
What is the greatest common factor of 93 and 998169?
93
What is the greatest common divisor of 125800 and 11220?
340
Calculate the highest common divisor of 745 and 880.
5
Calculate the highest common factor of 4141 and 24067.
41
Calculate the greatest common factor of 891 and 354321.
297
What is the highest common factor of 243 and 793071?
81
Calculate the highest common divisor of 88179 and 3315.
663
Calculate the highest common factor of 9 and 85257.
9
Calculate the highest common divisor of 215926 and 856.
214
Calculate the highest common factor of 16 and 6632.
8
What is the greatest common divisor of 26 and 7756554?
26
Calculate the greatest common factor of 11180 and 10105.
215
Calculate the greatest common divisor of 12874 and 82.
82
What is the highest common factor of 1408 and 1488?
16
What is the highest common divisor of 7029 and 22374?
99
Calculate the greatest common divisor of 22 and 252318.
22
Calculate the highest common divisor of 84 and 123200.
28
What is the greatest common factor of 15722 and 602?
14
What is the highest common factor of 212290 and 80?
10
Calculate the greatest common divisor of 129712 and 15004.
484
What is the highest common divisor of 2763 and 818155?
307
Calculate the highest common divisor of 47299 and 58.
29
What is the highest common factor of 29 and 1379501?
29
What is the greatest common factor of 1125 and 1725?
75
Calculate the highest common divisor of 361 and 4883.
19
Calculate the highest common factor of 10 and 515.
5
Calculate the greatest common divisor of 2736 and 624.
48
What is the greatest common divisor of 605 and 980100?
605
Calculate the greatest common factor of 2288 and 19976.
88
Calculate the highest common divisor of 14246 and 68.
34
Calculate the greatest common factor of 736 and 11454.
46
Calculate the highest common divisor of 6249594 and 988.
494
What is the highest common factor of 1212 and 696?
12
What is the highest common divisor of 33420 and 852?
12
Calculate the highest common factor of 21789 and 54.
27
Calculate the greatest common divisor of 1356 and 12156.
12
Calculate the highest common factor of 13493 and 824.
103
Calculate the greatest common factor of 896857 and 13.
13
What is the highest common divisor of 18616 and 234?
26
Calculate the greatest common factor of 134079 and 5049.
561
What is the highest common divisor of 11130 and 2590?
70
Calculate the highest common factor of 4400 and 1175.
25
Calculate the greatest common divisor of 63805 and 10.
5
Calculate the highest common factor of 429228 and 108.
36
Calculate the greatest common factor of 1190 and 379134.
238
Calculate the greatest common divisor of 20940 and 8660.
20
What is the highest common divisor of 599188 and 652?
652
Calculate the greatest common factor of 1342 and 163636.
22
Calculate the highest common factor of 247920 and 1440.
240
Calculate the highest common factor of 981 and 5608377.
981
Calculate the greatest common factor of 12796 and 70.
14
What is the highest common factor of 5352432 and 48?
48
What is the greatest common factor of 45 and 1165?
5
What is the greatest common divisor of 1236 and 16583?
103
What is the highest common factor of 944 and 73514?
118
What is the greatest common divisor of 875 and 31360000?
875
What is the greatest common divisor of 187 and 14790?
17
Calculate the highest common divisor of 264654 and 2535.
507
What is the highest common factor of 824 and 6296?
8
Calculate the greatest common divisor of 41396 and 28820.
524
What is the highest common divisor of 207296 and 395?
79
What is the greatest common factor of 160 and 22030?
10
What is the greatest common divisor of 16 and 1867996?
4
Calculate the greatest common factor of 36250 and 1595.
145
What is the greatest common divisor of 8 and 1714?
2
Calculate the greatest common divisor of 285 and 201990.
15
Calculate the greatest common factor of 208 and 163696.
208
What is the greatest common divisor of 43557 and 3?
3
Calculate the highest common divisor of 9169 and 6401.
173
Calculate the greatest common divisor of 1639 and 1496.
11
Calculate the highest common factor of 13266 and 335268.
1206
Calculate the greatest common factor of 1863 and 4050.
81
What is the highest common factor of 10187 and 1952?
61
What is the greatest common divisor of 1256561 and 1983?
661
What is the greatest common divisor of 963 and 11664?
9
What is the greatest common divisor of 26331 and 2211?
201
What is the highest common divisor of 483704 and 455?
13
What is the highest common factor of 10107636 and 231?
231
What is the greatest common divisor of 5017 and 1595?
29
Calculate the greatest common factor of 13034 and 21166.
38
What is the highest common factor of 400 and 6256?
16
Calculate the highest common divisor of 3082737 and 2191.
2191
What is the highest common factor of 3066 and 3714?
6
What is the greatest common factor of 1450 and 700?
50
Calculate the highest common factor of 880 and 101288.
88
What is the greatest common factor of 84 and 2410884?
84
What is the highest common factor of 1216405 and 290?
145
Calculate the greatest common factor of 830 and 587474.
166
Calculate the highest common divisor of 18040 and 15334.
902
What is the highest common factor of 2204 and 124?
4
Calculate the greatest common divisor of 1148 and 644315.
287
What is the highest common divisor of 755280 and 496?
16
What is the highest common divisor of 91509 and 105468?
1551
What is the highest common factor of 81099 and 27?
9
Calculate the greatest common factor of 133 and 8449.
7
Calculate the greatest common factor of 119252 and 84.
28
What is the greatest common factor of 1002915 and 285?
285
What is the greatest common divisor of 1257095 and 945?
35
Calculate the greatest common factor of 1572 and 4389810.
786
Calculate the greatest common divisor of 20 and 405.
5
What is the highest common factor of 7144 and 18706?
94
Calculate the greatest common factor of 1274081 and 20423.
1571
Calculate the greatest common divisor of 468 and 30654.
234
What is the highest common divisor of 3 and 10627?
1
Calculate the greatest common factor of 570 and 810.
30
What is the greatest common divisor of 7638 and 342?
114
Calculate the greatest common divisor of 7539 and 1050.
21
What is the highest common factor of 313113 and 609?
87
Calculate the greatest common factor of 14706 and 969.
57
Calculate the highest common divisor of 1408406 and 6184.
1546
What is the highest common divisor of 36498 and 42966?
462
Calculate the greatest common factor of 119386 and 2.
2
What is the greatest common factor of 58 and 36308?
58
Calculate the highest common divisor of 54441 and 3519.
207
Calculate the greatest common factor of 744 and 16802.
62
Calculate the highest common divisor of 478633 and 86.
43
Calculate the greatest common divisor of 20884 and 207.
23
What is the highest common factor of 6031 and 2368?
37
What is the highest common divisor of 1116 and 3636?
36
What is the highest common divisor of 1378 and 2158?
26
What is the greatest common divisor of 731392 and 1472?
64
Calculate the greatest common factor of 58 and 27637.
29
Calculate the greatest common factor of 1248246 and 1116.
558
What is the greatest common factor of 189 and 3423?
21
What is the greatest common factor of 403 and 11908?
13
Calculate the highest common factor of 6906 and 30.
6
What is the greatest common divisor of 29 and 154048?
29
Calculate the highest common divisor of 22762 and 371380.
1198
Calculate the greatest common divisor of 22 and 1525843.
11
Calculate the greatest common factor of 49446 and 23517.
603
Calculate the greatest common divisor of 8 and 1040.
8
Calculate the highest common divisor of 66641 and 2987.
103
Calculate the greatest common divisor of 5359935 and 210.
105
Calculate the greatest common factor of 160 and 54800.
80
Calculate the greatest common factor of 480 and 3455680.
160
What is the highest common factor of 1530 and 21510?
90
Calculate the highest common divisor of 15148 and 28.
28
Calculate the greatest common divisor of 512970 and 45.
15
What is the h